greatest common divisor of n and 10.
10
Suppose -16*t + 36*t = 11*t + 5364. What is the highest common divisor of t and 1?
1
Let k(z) be the first derivative of -z**2/2 + 13*z - 2. Let h = 908 + -902. Let d be k(h). Calculate the greatest common factor of d and 1.
1
Suppose -193 = 4*q + 403. Let w = q - -159. Suppose 405 = -w*d + 15*d. What is the greatest common divisor of d and 9?
9
Let i = -222 - -224. Suppose z = i*p + 150, 3 = 3*p - 6. What is the greatest common divisor of z and 24?
12
Suppose 21 - 210 = -3*a. Suppose 11*p + 87 + 12 = 0. Let d be (p/(-3))/(-6) - 85/(-2). What is the greatest common factor of a and d?
21
Let r be -3 - -155 - (-9 + (-9 - -19) + -2). Calculate the highest common divisor of 1017 and r.
9
Let f(m) = -3*m**3 - m**2 + 10*m - 61. Let n be f(5). Let r = -201 - n. What is the highest common factor of 42 and r?
42
Suppose -o = -2, -4*t - 148 = 21*o - 25*o. Let m be -2 + t/(-15) - 416/(-12). Calculate the greatest common divisor of 15 and m.
5
Let c = -601 - -677. Let o = 5 - 3. Let j be (o + -3)*(1 + -20). Calculate the highest common divisor of j and c.
19
Suppose 5*a + 293 = -o + 29, 0 = -2*o - 5*a - 518. Let c = -251 - o. Calculate the highest common factor of 150 and c.
3
Let i(h) = -h - 43. Let y be 170/14 - ((-16)/(-28))/4. Let a be i(y). Let v = 87 + a. Calculate the greatest common factor of 80 and v.
16
Let w(h) = -h + 95. Let j be w(93). Calculate the greatest common factor of j and 498.
2
Let n be 16/(-106 - -10) + 566/12. Suppose 189 = -n*v + 74*v. What is the greatest common divisor of 56 and v?
7
Let q(k) be the first derivative of -k**3/3 - 11*k**2/2 + 39*k - 193. Let x be q(-10). Calculate the greatest common divisor of x and 882.
49
Let h(a) = -a**2 + 17*a - 18. Let i be h(13). Suppose g + 22 = 28. Suppose -436 = -g*y + 74. Calculate the highest common divisor of i and y.
17
Suppose 0 = -0*a + a - 30. Suppose -a = -7*h + h. Suppose 0 = -10*q + h*q + 630. Calculate the greatest common divisor of 14 and q.
14
Suppose 14*c = 18*c - 16. Suppose -2*v = t - 4*t - 3, c*t = -2*v + 24. Let q be v/33 + (-5376)/(-77). What is the highest common factor of q and 28?
14
Let f = -44 - -44. Suppose f*g + 6*g = g. Suppose 4*o = -g*o + 72. Calculate the greatest common divisor of 90 and o.
18
Suppose 0 = -2*r + 3*d + 7, -2*r + 5*d + 0 = -13. Let u be (78 - 81)/(r/145). Calculate the highest common divisor of 87 and u.
87
Let m = -34 - -41. Let q be -1578 + 0 - (m + -10). Let p be (-15)/(q/3136) - (-4)/30. Calculate the highest common divisor of p and 12.
6
Let p(b) = 2*b**2 - 13. Let o be p(3). Let n(z) = 3*z - 12. Let l be n(o). What is the highest common divisor of 12 and l?
3
Suppose -17*k + 76125 = k + 17*k. What is the greatest common factor of 225 and k?
75
Suppose -4*c + 918 = 5*k - 0*c, 0 = 2*k + 3*c - 370. Suppose 45*f = 38*f + 364. Calculate the greatest common divisor of f and k.
26
Let o(v) = v**3 - 28*v**2 + 69*v - 122. Let x be o(26). Calculate the highest common factor of x and 60.
20
Let n be (17 - 5)*((-195)/10)/13. Let x be ((-753)/(-6) + n/6)*2. What is the greatest common divisor of x and 35?
35
Suppose 125*g + 6159 = 24034. Calculate the greatest common factor of 520 and g.
13
Let j be 4/(-2)*(-12 + 11). Suppose -j*l - 396 = -5*l. Let c(p) = p**3 - 6*p**2 + 7*p + 2. Let z be c(5). What is the greatest common factor of z and l?
12
Let c = 122 - 124. Let t be ((41 - 3/3)*c)/(-1). Let o = -27 - -43. Calculate the greatest common factor of o and t.
16
Suppose -194*n = -323526 + 80204 - 446348. Calculate the greatest common factor of 79 and n.
79
Suppose 3*z = 3*y - 133110, 7*y - 5*y = 3*z + 88745. What is the greatest common factor of y and 95?
95
Let c(t) = 10*t - 4. Let i be c(3). Suppose -158 = -3*n + a, 2*a + 11 = 4*n - 201. What is the highest common divisor of i and n?
26
Let d be 0 + -3 + 3/((-9)/291). Let y = -46 - d. Let c = 50 - 14. What is the greatest common divisor of c and y?
18
Let a = 1658 + -1553. Calculate the greatest common divisor of a and 2870.
35
Let s(u) be the second derivative of u**5/20 + 31*u**4/12 + 17*u**3/3 + 63*u**2 - 237*u. Let r be s(-30). What is the greatest common divisor of r and 32?
2
Suppose -4*a = 5*j + 3, -5*j - 5*a + 3 = -4*a. Let r be (j - 54/9) + 57. What is the highest common factor of r and 36?
4
Suppose -4*t = -4*b + 8, -b - t + 0 = 6. Let p be (-1 - b)*26*6/12. Calculate the highest common divisor of 208 and p.
13
Suppose -3*n - 27 = -3*h, -2*h + 20 = 3*h. Let t be 1269/(-54)*(-5)/(n/(-2)). Calculate the highest common factor of t and 47.
47
Suppose 87*t = -68*t - 42*t + 13593. Suppose 7*u - 2*u + 669 = 4*y, 2*y - 297 = -5*u. What is the greatest common divisor of y and t?
23
Let v be 32*(((-243)/6)/9)/(-3). What is the highest common factor of v and 690?
6
Let q(i) = -2*i**2 + 25*i - 5. Let m be q(12). Suppose -134*k = -114*k - 3500. What is the highest common factor of m and k?
7
Let q be (3/(-10))/(18/(-24))*15. Let z be 3/q*62 + -3. What is the greatest common divisor of 154 and z?
14
Suppose r + 5*k + 55 - 1555 = 0, 2*r - 2*k = 2940. Suppose w - 275 = 5*v - 8*v, -5*v - r = -5*w. Calculate the highest common factor of w and 10.
10
Let u(f) be the first derivative of f**3/3 - 20*f**2 + 207*f + 181. Let o be u(37). Calculate the highest common divisor of 6 and o.
6
Suppose 0 = 61*j + 7176 - 10285 - 18302. What is the greatest common divisor of j and 3?
3
Suppose -2*j + 24 = 2*c, -j + 0*j - 5*c + 20 = 0. Suppose 22*i = 11*i + 44. Suppose -9*r + i = -8*r. Calculate the highest common divisor of j and r.
2
Suppose -467 = -3*i - 4*g, -3*g + 296 + 497 = 5*i. What is the highest common divisor of 1219 and i?
23
Suppose 48 + 33 = -9*s. Let l be (-1306)/(-10) + s/15. Calculate the highest common divisor of 26 and l.
26
Suppose -2*n - 70 = -9*n. Suppose n = 3*f + 2*f - 4*x, -21 = -f - 3*x. Let q(h) = 21*h - 6. Let c be q(f). Calculate the greatest common factor of 15 and c.
15
Let w(i) be the third derivative of i**5/12 - i**4/12 + i**3/6 + i**2. Let k be w(3). Let t = -3226 + 3266. What is the highest common factor of t and k?
40
Let f(i) = -i**3 - 60*i**2 - 948*i + 17. Let l be f(-18). What is the highest common factor of 302 and l?
151
Let w = -23 + 36. Suppose w = p - 8. Suppose -15 - 3 = -6*v. Calculate the greatest common factor of p and v.
3
Let i be (0 + -49)*(-55 - -54). Let l = i + -22. Calculate the highest common factor of 351 and l.
27
Suppose -5*x = 4*h - 371 + 332, 0 = -h + 2*x. Suppose m + q + 31 = 5*m, m - 3*q - 5 = 0. What is the greatest common factor of h and m?
2
Let o(k) = -k**3 + 78*k**2 + 319*k + 750. Let b be o(82). Suppose -4*r - 2 + 110 = 0. Calculate the greatest common factor of b and r.
3
Let l(v) = v**2 + 4*v + 26. Let d be l(-9). Let u = d - 68. Let c be u - (4 + -3)*-8. Calculate the highest common factor of 22 and c.
11
Suppose 33*i - 775 = 54*i - 46*i. Calculate the highest common factor of i and 62.
31
Let g = -42577 - -42587. Suppose 3*f - w = 570, 17 + 363 = 2*f - w. What is the highest common factor of g and f?
10
Let c(y) = -2*y**2 - 13*y + 37. Let k be c(-9). Let n be 7779/36 - k/(-96). What is the highest common divisor of 72 and n?
72
Let j(y) = y + 2. Let f be j(2). Suppose l - 120 = -2*l + 3*r, f*r - 74 = -2*l. Let u be 903/l + (-6)/39. What is the highest common divisor of 23 and u?
23
Let a(u) = -u**3 + 14*u**2 - u + 96. Let w = 230 + -217. Let c be a(w). Calculate the highest common divisor of 36 and c.
36
Suppose -102*h = -3088 - 380. Suppose 171 = -2*g + 175. What is the highest common divisor of h and g?
2
Let w be 4/(-6) - (-119)/21. Suppose -11*s = -w*s - 342. Suppose -2*d + s = 19. What is the greatest common factor of d and 152?
19
Let u be (-2)/(-3) + 8/6. Let i = 62 - u. What is the highest common divisor of i and 48?
12
Let r(z) = -z**2 + 6*z. Let j be r(5). Suppose -63 - 92 = -j*o. Let c = -37 + 68. What is the highest common factor of o and c?
31
Let j be (20/(-14))/((54/3087)/(-6)). What is the highest common factor of j and 20?
10
Suppose -6 = 4*q - 6*q. Suppose q*b = 12, -3*w + 4*w + b = 13. Let p be (-3)/w + 199/3. What is the greatest common factor of 6 and p?
6
Suppose -1078 + 409 = -31*y + 2307. Let i = -45 - -77. What is the highest common factor of y and i?
32
Suppose 2*t = -5*h + 1479